5).
12
Let v(s) = 2*s**2 - 11*s + 8. Let q be v(5). Let u(b) = q*b**2 - 58 + 56 - b**2 + 2*b. Determine u(2).
10
Let k = -11 - -16. Let g(o) = 17 - 5 - 10 + o**2 - 6*o. Determine g(k).
-3
Let p(s) = 7*s + 2 - 2*s + 9 - 12. What is p(-3)?
-16
Let r(l) = -2*l - 2. Let g(f) = f**2 + 10*f + 10. Let b be ((-3)/(-2))/((-15)/80). Let o be g(b). Calculate r(o).
10
Let j(a) = -a**3 + 6*a**2 + 9*a - 10. Let t(r) = -r**3 - 6*r**2 - 2*r - 5. Let z be t(-6). Calculate j(z).
4
Let g = 2 - 0. Let h(r) = -2*r - r - 9*r**g + r - 1. Let c be (-2)/4*(-2 - -4). Determine h(c).
-8
Let i(k) = -k**3 - 3*k**2 + k + 4. Let p(x) = -6*x + 3. Let a be p(1). Calculate i(a).
1
Let t(p) = p**3 - 4*p**2 - 2*p + 5. Suppose 0*o - o = -2. Suppose o*k + 2*z - 22 = -10, 0 = -k + z + 2. Give t(k).
-3
Let g(b) = -2*b + 0 - 4*b**2 + 3 - 3*b + 5*b**2. Calculate g(4).
-1
Let n(s) = -s - 6. Let k be n(1). Let i(m) = m**2 + 8*m. Calculate i(k).
-7
Let y be (-2)/(-3) - 138/18. Let r(s) = s**3 + 6*s**2 - 8*s - 5. Determine r(y).
2
Suppose -32*t = -35*t - 3. Let w(i) = i. Give w(t).
-1
Let j(l) = -l + 10. Let h(a) = a - 1. Let p(o) = 3*h(o) + j(o). Suppose 4*b + 32 = -4*d, 2*d = d + 5*b + 10. What is p(d)?
-3
Let s(q) = -q**2 + 2. Let k(y) = -4*y + 21. Let r be k(6). Calculate s(r).
-7
Let q(a) be the first derivative of a**6/120 + a**5/20 - a**4/8 - a**3/2 - 2*a**2 - 6. Let y(x) be the second derivative of q(x). Give y(-3).
6
Let m(j) be the second derivative of -j**4/2 + j. Let c = 5 - 3. Suppose c = 2*r - 4*r. Calculate m(r).
-6
Let w(n) = -n**3 - 4*n**2 + n + 4. Suppose -s = 3*s + 2*z + 8, -8 = 3*s + z. Calculate w(s).
0
Let f(v) = 3*v. Suppose 0 = 3*m - 0 - 3. Let b be (m + 11)/((-3)/(-2)). Let r = 5 - b. Determine f(r).
-9
Let f(z) = -z**2. Let o(j) = -3*j**2 - 3*j - 1. Let a(n) = -4*f(n) + 2*o(n). Give a(-4).
-10
Let z(l) = l**3 - 5*l**2 + 2*l - 6. Let f(q) = -q + 1. Let k be f(-4). Give z(k).
4
Let t(z) = -z**2 - 5*z - 1. Let r(u) = u. Let g(c) = -5*r(c) - t(c). Let l(i) = 2*i**2 + 6. Let w(b) = -3*g(b) + l(b). What is w(0)?
3
Let w(b) = -b**3 + 5*b**2 + 7*b + 2. Let g be w(6). Suppose 3*f + g = 7*f. Let i(u) = 6 + 0*u - f*u + 4*u. What is i(-5)?
-4
Let x(o) = 186*o**2 - 185*o**2 - 2 + o**3 + 0*o + o. What is x(0)?
-2
Let a(f) = -4*f**2 + 1. Let j(g) = -g**2 - g + 4. Let b be j(-3). Let v be (-3 - -5)*1/b. Let p be a(v). Let c(z) = z + 3. Determine c(p).
0
Let u = 11 - 9. Let j(d) = -d**3 + 2*d**2 - d + 2. Let x be j(u). Let s(n) = n - 2 + n**2 + 2*n**3 - n**3 - 6. Calculate s(x).
-8
Suppose 16*s + 67 = 67. Let h(q) = 0*q - 12 - q**2 + 0*q. Determine h(s).
-12
Let j(b) = b**2 - 3. Suppose -o = o - 30. Suppose 0 = 3*s, -4*p - p + o = 4*s. Calculate j(p).
6
Suppose -6 = 4*c - 18. Let s(z) = c*z + 3 + 4*z**2 - 5*z - 2*z**2. What is s(2)?
7
Suppose 0 = -4*t - 5*l + 183, -6*t + t + 213 = l. Let d = 48 - t. Let w(j) = 5*j - 4. Let s(f) = 6*f - 3. Let c(h) = -3*s(h) + 4*w(h). What is c(d)?
5
Let z(p) = -p + 5. Let h be z(4). Suppose 4*j + 2*n - 12 = 0, -j - h = 5*n - 13. Let s(b) = b**3 - 4*b**2 + j*b - 2*b + b. Give s(4).
4
Let u(b) = -12*b. Let k(y) = -y - 2 + 2 - 3*y. Let z(p) = 11*k(p) - 4*u(p). Determine z(1).
4
Let f(j) = j**3 - j**2 - 3*j - 3. Let s(l) = -l**3 + 2*l**2 + 4*l + 4. Let t(z) = -4*f(z) - 3*s(z). Give t(-2).
0
Let b = -2 - -2. Let t(w) be the first derivative of -w**4/4 - w**3/3 - w**2/2 - 6*w + 2. What is t(b)?
-6
Let l = -3 + 0. Let o(n) = 2*n + 2. Let x(k) = 3*k - 3. Let d(u) = -3*u + 2. Let a(m) = -6*d(m) - 5*x(m). Let i(z) = l*a(z) + 5*o(z). Determine i(4).
5
Let n(j) = j**3 + 4*j**2 + 5*j + 2. Let c be n(-3). Suppose p - 17 = -5*q, 0 = 4*p - 5*q - 2 + 9. Let i(y) = -3*y + 5*y + 4 + y**3 - p*y**2 + 6*y**2. Give i(c).
-4
Let x = -11 + 12. Let q(l) = -6*l**2. Give q(x).
-6
Let q(s) = -2 + 1 + 2*s + 2. Suppose 3*x - 4*i = 4*x + 6, 5*i = 2*x - 1. Let o(b) = 2*b**2 + 3*b. Let d be o(x). Calculate q(d).
5
Suppose 0 = -5*s + k + 15, 0*k - 2*k = 4*s - 26. Let x(b) = -1 + 4*b - 2*b**2 - 3*b**2 - b + b**3. What is x(s)?
-5
Let w = -81 + 84. Let b(c) = c**3 - 3*c**2 + 2*c + 1. What is b(w)?
7
Let r(z) = z**2 + 8*z + 5. Let y be ((-18)/(-21))/((-1)/7). Calculate r(y).
-7
Let w(j) be the second derivative of j**3/3 + 2*j**2 - j. Let d = 21 + -13. Let p = d - 11. Determine w(p).
-2
Let f(h) = h**2 - 3*h + 3. Let b = 30 - 27. Give f(b).
3
Let u(p) = 3*p**3 - 5*p**2 - p + 1. Let s(v) = v**2. Let q(m) = 4*s(m) + u(m). Let y = -549 - -550. What is q(y)?
2
Let k(r) = r**3 - 3*r**2 - 6*r + 3. Let z be 3/(-6) - 6/4. Let p be -2 + z/6*0. Let j be p - -2 - (-16)/4. Give k(j).
-5
Let w(b) be the second derivative of -5*b**3/6 + b**2/2 + b. Suppose 0*i = -i - 1. Calculate w(i).
6
Let x be 4/6*(-24)/(-16). Let f(q) = 1. Let d(b) = -8*b. Let k(p) = -d(p) + f(p). Give k(x).
9
Let s(d) = -2*d - 2. Let h be -1 + -1*14/(-2). Let k = h - 9. Give s(k).
4
Let n(x) = -x - 6. Let q(b) = 5. Let i(h) = -5*n(h) - 6*q(h). What is i(2)?
10
Let n be (-4)/(-14) + 190/70. Let z = -2 + n. Let s(c) = 2*c**3 + c. Calculate s(z).
3
Let b(a) = a**2 + 2*a + 1. Let o(k) = k**2 + 2*k. Let w(t) = 3*b(t) - 2*o(t). What is w(-3)?
6
Let t(f) be the third derivative of f**2 - 5/24*f**4 + 0 - 1/30*f**5 - 1/3*f**3 + 0*f. Let o(n) = -2*n**2 + 25*n + 10. Let h be o(13). Give t(h).
-5
Let t(c) = c + 6. Let u be (0 + 1/2)*0. Determine t(u).
6
Let x(f) = f**3 - f**2 - 3*f - 2. Let b = 1 - -4. Suppose -4*u - 28 = 4*h, 15 = -0*h - b*h - u. Determine x(h).
-8
Let x(v) be the second derivative of v**5/20 - v**4/3 + v**3/3 - 20*v. What is x(3)?
-3
Let g be -5*((-13)/(-5) - 3). Suppose 0 = 4*k - r - 13, 0*k - g*k = -r - 9. Let a(j) = 2*j**k - 2*j - 3*j**2 + 3*j**2 - j. Give a(3).
9
Let r = 46 + -46. Let z(s) = s**2 + s - 1. Let u(d) = -d**3 - d + 2. Let l(p) = u(p) + z(p). What is l(r)?
1
Let i(t) = t**3 + 7*t**2 + 7*t + 1. Let f be (6/(-7))/(13/91). Calculate i(f).
-5
Suppose -11 = -4*m - 3*u, m = -0*m + 2*u. Let p(l) be the second derivative of -1/3*l**3 + 0 + l + 0*l**m. Give p(-5).
10
Let c be (-2 - 3)*1/1. Let p(q) = 1 - 4*q + 0*q**2 - 2 - q**2. What is p(c)?
-6
Let y(t) be the third derivative of 7*t**5/60 + t**3/6 + 3*t**2. Let z(m) = 15*m**2 + m + 2. Let i(x) = 13*y(x) - 6*z(x). Calculate i(4).
-7
Let l(r) = -r**2 + 7*r - 5. Let i(w) be the first derivative of w**3/3 - 2*w**2 - w - 1. Let f be i(4). Let p(g) = -4*g. Let a be p(f). Determine l(a).
7
Let y(r) = -r**2 - 4*r + 2. Let g(c) = 4*c**3 - c + 1. Let l be g(1). Let j = l + -8. Give y(j).
2
Let p(z) be the second derivative of 1/6*z**3 + 0*z**4 + 3*z + 0 - 1/20*z**5 - 9/2*z**2. Calculate p(0).
-9
Let q(c) = -7*c**2 - 4*c + 4. Let k be ((-12)/10)/((-6)/20). Suppose d = k + 2. Let t(l) = 13*l**2 + 8*l - 8. Let h(x) = d*t(x) + 11*q(x). Give h(-5).
1
Let f be 3/(-6) - (-5)/2. Let g(z) = -3*z - z + f*z. Calculate g(1).
-2
Let o(f) = 3*f - 3428 + 3428. Determine o(2).
6
Let l(y) = -9*y**3 - 1. Suppose 0 = 5*v + 5*k + 15, k = -v - k - 8. Suppose -5*m + 2*a = -9, -a - 4 + v = 0. Determine l(m).
-10
Let c be ((-192)/160)/(((-6)/(-20))/1). Let p(j) = -j + 4. Calculate p(c).
8
Let l = 158 + -110. Suppose -5*r + l = 5*p - 7, -r - 5*p = -31. Let y = 5 - r. Let z(a) = -2*a**3 - a**2 - 2*a - 1. What is z(y)?
2
Let y = -4 + 6. Suppose 5 = -5*g, -15 = -0*o - 3*o - 3*g. Let b(k) = -2 - 3 + o + 2*k. Determine b(y).
5
Let p(v) be the second derivative of -2*v + 1/6*v**3 + 0 - 2*v**2. Let b = -9 + 13. What is p(b)?
0
Let m(j) = -j + 6. Let w(h) be the second derivative of 7*h**3/6 - 35*h**2/2 + 5*h. Let b(q) = 35*m(q) + 6*w(q). Calculate b(1).
7
Let a(s) be the third derivative of s**6/120 - s**5/60 + 3*s**3/2 - 4*s**2. Give a(0).
9
Let u(g) = 3*g**2 - 3*g. Suppose 0*r - 12 = -2*r + q, 5*q - 5 = -3*r. Suppose -11 = -p - 3*j, 13 = -3*p + 2*p + r*j. Calculate u(p).
6
Let y(b) = -28*b - 4. Let s(g) = 29*g + 3. Let n(d) = -3*s(d) - 2*y(d). Give n(-1).
30
Suppose 14 + 14 = 4*j + 4*d, 14 = 5*j - 2*d. Let t(k) = -451*k**2 + 2*k**3 - 3*k**3 - 2 - k + 456*k**2. Give t(j).
10
Let x(h) = -h**2 + 6*h - 6. Let v(t) = t**3 - 2*t**2 + 2*t. Let o(g) = -3*g + g**3 - 4*g + 6*g**2 + g**2 + 10. Let r be o(-8). Let m be v(r). Calculate x(m).
2
Let z = -3 + 2. Let c(r) = 4*r**3 + 2 - 3 + r - r**3 + 2. Determine c(z).
-3
Let i(g) be the third derivative of -g**7/2520 + g**6/720 + 11*g**5/120 - g**4/4 + 9*g**2